k - 1. Let t be q(-3). Let d(z) = -20*z - 2 - 3*z**2 + 17*z + 2*z**t + z**3. Calculate d(3).
7
Let h(s) = 21*s**2 + 6*s - 4 - 33*s**2 - 5*s - 7*s**2 - 3 + s**3. What is h(19)?
12
Let b(y) = -9*y - 6. Suppose 0 = 46*m + 104 + 34. Give b(m).
21
Let g(r) = r + 0 + r - 1 + 7*r**3. Suppose -5*x + 29 = 4*d, 3*d + 4*x - 126 = -103. What is g(d)?
8
Let n(p) = 52*p - 30. Let z(k) = 7*k. Let t(y) = -n(y) + 6*z(y). What is t(4)?
-10
Let b(n) = -n**3 + 7*n**2 + 18*n + 20. Let p(l) = -l**2 + l + 2. Let z(y) = -b(y) + 6*p(y). Calculate z(14).
20
Let y(d) = -5*d - 61. Let s be y(-10). Let m(c) = 2*c**2 + 20*c - 21. Let q be m(s). Let k(r) = 8*r**3 + 1. Determine k(q).
9
Let s = 10 + -7. Suppose -4*z = -8 - 4. Let n(m) = m**2 + 3*m**3 + 7*m - 4*m**z + m - 3*m - 3. Determine n(s).
-6
Suppose 16 = 3*d - 2. Suppose -3*r + 3 + d = 0. Let k(c) = c. Calculate k(r).
3
Suppose -3*z - 20 = 2*z. Let t = -3 - z. Let p(l) = -l**3 - 1 + 7 + 9*l - 7*l - 5*l**2 + t. Determine p(-5).
-3
Let b = 1008 - 1006. Let r(l) = -2*l - 3. Determine r(b).
-7
Let d(r) = 2*r + 4. Let n = -21 + 25. Suppose -6 = 2*v - n*b + 8, -3*b = 0. Calculate d(v).
-10
Let p(h) = 9*h**3 + 7*h - 5. Let w(r) = -2*r**2 - 15*r - 4. Let b be w(-7). Let c(j) = 4*j**3 + 3*j - 3. Let q(y) = b*p(y) - 7*c(y). Give q(0).
6
Let o(r) = -r**3 - 5*r**2 - 7. Let f be o(-5). Let a = f - -4. Let q(v) = -3*v. Let m(l) = -22*l - 1. Let s(j) = 3*m(j) - 21*q(j). Determine s(a).
6
Let y = -4 + -5. Let l = y + 8. Let t(h) be the third derivative of h**6/120 - h**5/60 - h**4/24 + 5*h**2. What is t(l)?
-1
Let m(c) = -5*c**3 - 9*c**2 - c. Let y(p) = 6*p**3 + 10*p**2 - 1. Let w(j) = -5*m(j) - 4*y(j). Suppose 3*b = z - 0*b - 5, -2*b + 14 = -5*z. Calculate w(z).
0
Let b(s) = 5*s**2 - 1. Let k(w) = 4*w**2 - w - 2. Let y(q) = 5*b(q) - 6*k(q). Suppose 0 = -c - 2 - 4. What is y(c)?
7
Let c(o) = o**2 - 2*o - 5. Let k(m) = -m**3 - 6*m**2 - 5*m + 7. Let p be k(-4). What is c(p)?
30
Suppose 2*c - 6 + 2 = 0. Let o(u) be the second derivative of -u**5/60 - u**4/24 - 5*u**3/2 - u. Let z(m) be the second derivative of o(m). Calculate z(c).
-5
Let k be ((-42)/(-10))/((-2)/(-10)). Let v be (0 - -2)*(1 - k/6). Let g(i) be the first derivative of -i**4/4 - 4*i**3/3 + 2*i**2 - 3*i + 1. Give g(v).
2
Let c(t) = -t - t**2 - t**2 + 1 - 9*t**2. Suppose 0 = 19*f - 9 - 10. Calculate c(f).
-11
Let b(h) = 7*h + 1. Let w = -83 - -92. Suppose w*q = 7*q + 2. Calculate b(q).
8
Let d be 66 + (-6 - -1) + (1 - -2). Let z = 63 - d. Let m(n) = -2*n. Calculate m(z).
2
Let x(k) be the third derivative of -k**5/20 - k**4/3 - k**3/2 - 7*k**2 - 10*k. Calculate x(-3).
-6
Let m(y) be the third derivative of -y**4/24 + y**3/6 - 416*y**2. Suppose 0 = -t + 5*b, -t = -4*t + 2*b - 13. Calculate m(t).
6
Let z(g) = -10*g**3 + 2*g**2 - 1. Let y be z(1). Let q = y + 14. Suppose -5*x + 3*b + 6 = -b, q*x = -2*b - 18. Let n(t) = -t**3 - 2*t**2 + t. Determine n(x).
-2
Let b(c) = -6*c - 54. Let v(q) = q + 11. Let r(f) = 2*b(f) + 11*v(f). Determine r(11).
2
Let n(m) = m**2 - 294 - 298 - 297 + 895 + 0*m**2 - 5*m. Give n(6).
12
Suppose 7 + 47 = 9*q. Let c(v) = -v**3 + 5*v**2 + 7*v - 8. What is c(q)?
-2
Let d = 2 + 1. Let a(y) = 5*y + 41. Let n(u) = u + 6. Let g(q) = a(q) - 6*n(q). What is g(d)?
2
Let w(j) = 9*j - 2. Let n(t) = 10*t - 4. Let d(f) = 2*n(f) - 3*w(f). Give d(-4).
26
Let l(q) be the third derivative of 0 + 0*q - 1/60*q**5 - 1/4*q**4 + 1/6*q**3 + 7*q**2. Give l(-4).
9
Let n be (-25)/(-6) - 2/12. Suppose -16 - 8 = n*a. Let c(v) be the second derivative of v**5/20 + 7*v**4/12 + 2*v**3/3 - 7*v**2/2 - v. Give c(a).
5
Let c = -12 + 12. Let v(g) = 1 + c + 7 - 4*g + g. Give v(8).
-16
Let y(a) be the third derivative of -1/60*a**5 + 1/3*a**4 - 37*a**2 + 0*a - 2/3*a**3 + 0. Give y(5).
11
Let t(l) be the third derivative of -4*l**2 + 0 - 1/24*l**4 + 0*l + 4/3*l**3. Give t(7).
1
Let i(o) be the third derivative of o**5/40 + o**4/24 + 8*o**3/3 + 17*o**2. Let v(h) be the first derivative of i(h). Suppose -2 = 2*t - 0. Give v(t).
-2
Let q(d) = -d**3 + d**2 - 2*d + 1. Let r = 110 + -112. Determine q(r).
17
Let g(d) = d**3 + 3*d**2 + 3*d. Let v = 127 + -122. Suppose 20*o = v*o - 45. What is g(o)?
-9
Suppose 0 = -2*m + 2*v, 2*v = -6*m + 3*m + 25. Let f = 7 + -5. Let s(z) = z**3 + 5*z**2 + 0*z - 7*z - 9*z**f + 6. What is s(m)?
-4
Let q(a) = -18*a + 2 - 1 + 6*a. Suppose -2*t + 3 + 7 = 0, 2*t = -3*i + 16. Suppose -i*u = -4 + 2. Give q(u).
-11
Let f(c) = c**3 - 3*c**2 - 5*c + 3. Let r(z) = 0*z + 13*z - 2*z - 8*z + z**2. Let w be r(-4). Determine f(w).
-1
Let z(c) = -c. Let o = 13 - 11. Suppose o*p + 0 = 10. Determine z(p).
-5
Let n(k) = 0 + 11 + 5*k - 2 + k**2. Let d be n(-2). Let a(x) = 3*x**2 - 2*x - 2. Determine a(d).
19
Let c(u) = -u**3 + 10*u**2 + 22*u + 24. Let y be c(12). Let d(z) = z - 9. What is d(y)?
-9
Let z(m) = -m**2 + 9*m - 10. Let h(y) = -4*y**2 + 36*y - 42. Let s(k) = 2*h(k) - 9*z(k). Give s(6).
-12
Suppose u + 4*u = 25. Suppose 0*c - 12 = 4*c - 2*j, -u*c + 4*j - 15 = 0. Let i(n) be the first derivative of n**3 + 3*n**2/2 - 4*n - 10669. Give i(c).
14
Let t(l) = -l - 1. Let c(x) = -13 + 7*x + 7*x - 16*x. Let a be c(-5). What is t(a)?
2
Let c be (-6)/((2 - 1)*-3). Let y(p) = p - 21*p**2 - 3*p + 0*p + 20*p**c + 3. Determine y(-4).
-5
Let p(w) = -w**3 - w**2 - 4. Suppose 0 = 3*q + 4*q - 364. Let f = -52 + q. Determine p(f).
-4
Let f(m) = m**3 + 1 + 21*m - 5*m**2 + 0*m**3 - 17*m. Let x be (-1)/4 - -4 - (-3)/(-4). Calculate f(x).
-5
Let h(x) be the second derivative of x**4/6 + x**3/3 - x**2/2 - 62*x. Determine h(2).
11
Let g(z) be the third derivative of z**6/120 + z**5/10 + z**4/12 + z**3 - z**2 - 55. What is g(-4)?
30
Let i(a) = a**2 - 2*a. Let m(k) = 7*k + 31. Let n be m(-4). Suppose -3*l - n*q = -0*l - 9, l = 3*q + 3. What is i(l)?
3
Let m(b) = 4*b + 1 + b**2 + 0 + 0*b. Let g(i) = 2*i**2 - i**3 - 3*i - i**2 + 5*i**2 - 2*i - 4. Let r be g(5). Calculate m(r).
1
Let d(o) = o**2 - 7*o - 1. Let z(j) be the first derivative of -j**3 - 7*j**2 - 2*j - 29. Let q be z(-4). Give d(q).
-7
Let t(x) = -x**3 + 8*x**2 - 9*x + 2. Let r(d) = d**3 + 7*d**2 + 12*d + 11. Let u be r(-5). Let f(j) = 6*j**2 + 3*j - 2. Let n be f(u). Calculate t(n).
-12
Let y(v) = 3*v. Let p(d) = d. Let j(q) = 11*p(q) - 4*y(q). Let o be 140/(-30) - (-1)/(-3). Let w be (-5)/(-25) - 9/o. What is j(w)?
-2
Let i = -5 - -3. Let u(o) be the second derivative of o**5/24 + o**4/8 + 5*o**3 - 16*o. Let r(a) be the second derivative of u(a). Determine r(i).
-7
Let k(g) = -20*g + 5. Let b = -34 + 39. Let h(n) = 13*n - 3. Let t(c) = b*k(c) + 8*h(c). What is t(2)?
9
Suppose 4*s = -11 - 17. Let n = 92 - 86. Let r(x) = -4*x**3 + 7*x - n*x**2 + 4 + 3*x**3 - 10. Calculate r(s).
-6
Let w(m) = -2*m**2. Suppose -3*g - 14 = 4*i, 2 = -2*i - 2*g - 6. What is w(i)?
-8
Let m(k) = -k**3 - 5*k**2 - 8*k - 3. Let x = -25 - -22. What is m(x)?
3
Let w be 34/85 + (-13)/(-5). Let z(m) = m**3 - 6*m**2 - 3*m + 4. Calculate z(w).
-32
Let j(w) = w**2 - 3*w + 6. Suppose -2*h + 72 = -10*h. Let x(f) = f**3 + 8*f**2 - 9*f + 5. Let s be x(h). Give j(s).
16
Let o(w) be the third derivative of w**6/120 - 11*w**5/60 - w**4/6 - 17*w**3/6 - 649*w**2. Determine o(12).
79
Let g(b) = 21*b - 102. Let h be g(5). Let f(y) be the first derivative of 3*y - h - 3/2*y**2. Determine f(4).
-9
Let t = -133 + 133. Let z be (-2)/2*1*t*1. Let n(o) = -o**2 + o - 2. Calculate n(z).
-2
Let z be 0/(-1 + 2 + (0 - -1)). Suppose -7*a + 8*a - 2 = z. Let m(n) = n**2 - 2 + 2*n - n**3 + n - n. What is m(a)?
-2
Let l(g) be the third derivative of g**5/30 + g**4/3 + 2*g**3/3 + 19*g**2. Let d(w) = -w**2 - w + 1. Let o(h) = -3*d(h) - l(h). Calculate o(6).
-1
Let v(c) be the third derivative of -c**4/24 + 3*c**3/2 - 2*c**2 - 27*c. Determine v(7).
2
Let d be (4/6)/(54/243). Let j(m) = m - 3. What is j(d)?
0
Let n(u) = -u**3. Let g(t) = 34*t - 2*t**2 - 6 + 5*t**3 - 2*t**2 - 36*t. Let s(m) = -g(m) - 6*n(m). Determine s(-4).
-2
Let y(q) = 8*q**3 + 13*q**2 + 13*q - 27. Let p(c) = -c**3 + c**2 - c + 2. Let n(s) = 6*p(s) + y(s). Calculate n(-9).
3
Let s(n) = 7*n + 7. Let o be s(-1). Let i(z) be the third derivative of 0*z**3 - 4*z**2 - 1/60*z**5 + o + 0*z + 1/8*z**4. Give i(3).
0
Suppose 19*m - 23*m + 3*c = -14, 4*m + 2*c - 24 = 0. Let j(w) = -6*w + 13. What is j(m)?
-17
Let f(x) = -2*x + 1. Let n(u) = -u**